z - 164 = 0. What is the units digit of z?
2
Let q = 6 - 4. Suppose -4*k + 6 = q. What is the units digit of k?
1
Suppose 0 = 4*q - 6*q + 12. What is the units digit of q?
6
Suppose 2*f = -3*y + 22, 5*f = -5*y + y + 27. What is the tens digit of (-22 - -4)*y/(-6)?
2
Let w(x) = -3*x**2 + 6 + 6*x + 2*x**2 + 0*x**2 + 2*x**2. Suppose o + l = -1 - 1, 0 = -2*o + 5*l - 25. What is the units digit of w(o)?
1
Let h = 23 + 4. Let k = 39 - h. What is the tens digit of k?
1
Let p(l) be the second derivative of l**5/20 + 5*l**4/12 - 3*l**3/2 - 2*l**2 + 3*l. What is the units digit of p(-6)?
4
What is the hundreds digit of (5 - 2947/(-14)) + (-2)/4?
2
Suppose -2*u + 2*z + 98 = -2*z, 0 = -5*u - 5*z + 170. What is the tens digit of u?
3
Suppose 5 = u + 3. What is the units digit of (-18 + 5)*(-2 - u)?
2
Let w be (-2 - 4)*4/(-6). Suppose -30 = t - w*t. What is the units digit of t?
0
Let x = 3 + -1. Let a(u) = u**2 - u + 1. Let s be a(x). Suppose -s*j = 2*j - 55. What is the tens digit of j?
1
Suppose 37 = t + 11. Suppose -3*c + w + 17 = -t, -2*w + 26 = 2*c. What is the units digit of c?
4
Suppose s + f = 3, 10 = -3*f - 2*f. Let l be 4/(s/((-30)/(-4))). Suppose 3*y - 21 = -l. What is the units digit of y?
5
Suppose 18 = 4*o + 4*u - 26, 4*u + 16 = 2*o. Let j = o + -19. What is the units digit of (j + 2/2)/(-2)?
4
Suppose -6 = -4*d + d. Suppose -h + 14 + d = 0. What is the units digit of h?
6
Let h(z) = 0*z - z - z + 3*z. What is the units digit of h(2)?
2
What is the units digit of (-14)/(-21)*294/4?
9
Suppose 0 = 3*c - 9. Let u(j) = j**3 - 3*j**2 + j - 2. What is the units digit of u(c)?
1
Let s(w) = w + 1. What is the units digit of s(0)?
1
Let p = 11 - 6. Suppose 0 = 3*y + 2*m - 26, 0*y + y - p*m = 37. What is the units digit of y?
2
Let r be (-1)/((-93)/90 - -1). Let m = -14 + r. Let b = m - 9. What is the units digit of b?
7
Suppose -4*p = -r - 69, 0*p = 4*p + 4*r - 84. Let l = -5 + p. What is the units digit of l?
3
Let h = 2 - 7. What is the units digit of (-1)/h - (-38)/10?
4
Let h be 5/((-10)/18) - 2. Let o = h + 18. What is the units digit of o?
7
Let g(x) = 35*x + 26. What is the tens digit of g(7)?
7
Suppose 0 = v + 3*v + 32. What is the tens digit of v/3*(-45)/12?
1
Suppose 0 = i + 4*w - 27, 2*i - 5*w - 63 = i. Let j = i + -20. What is the tens digit of j?
2
Let f(b) = -b**3 + 7*b**2 - 3. Let i be f(7). Let v = i + 5. What is the units digit of v?
2
Let r(z) = 2*z**2 + 4*z + 2. What is the units digit of r(-5)?
2
Let b = 28 + 36. What is the tens digit of b?
6
Suppose 24 - 136 = 8*b. Let f = -26 + 16. Let z = f - b. What is the units digit of z?
4
Let f be 18/2 - 4/(-4). Let j = 11 - f. What is the units digit of j?
1
Let m be 5 - (-3 + 1)/(-1). Suppose 9*j + 2 = 10*j. Suppose -j*x - m*x - 55 = -3*v, 2*x + 40 = 3*v. What is the tens digit of v?
1
Suppose 0 = -2*r + 2*b + 2*b - 66, -3*r - 99 = -2*b. Let z = r - -63. What is the tens digit of z?
3
Let m(a) = 2*a**2 + 1. Let r(h) = -7*h + 8. Let l(g) = 8*g - 9. Let f(q) = -6*l(q) - 7*r(q). Let z be f(4). What is the units digit of m(z)?
9
Let u be (2/4)/(1/(-8)). Let x = u - -6. What is the units digit of x?
2
Let v = 125 - -21. What is the tens digit of v?
4
Let i(r) = r**3 + 4*r**2 + 3*r. Let h be i(-2). Suppose h*x = 4*x - 4. What is the units digit of (-18)/(-5) - x/(-5)?
4
Let m(y) = 7*y + 3*y**2 + y - 4*y**2. What is the units digit of m(7)?
7
Suppose 5 = -3*w + 14. Let r(l) = 1 + 2*l**2 + 3*l**2 - l**3 + 3 - 5*l. What is the units digit of r(w)?
7
Let x = 35 - 53. Let h be x/(-4) - 1/2. Suppose p = -0*p + h. What is the units digit of p?
4
Suppose 0 = 5*y + y - 60. Suppose 12*c - 7*c = y. What is the units digit of c?
2
What is the units digit of (-70)/(-2 - 60/(-35))?
5
Let u = 474 + -319. Suppose 4*o - u = -o. Suppose 0 = -v + 2*i - 6, -4*v - 4*i = -i - o. What is the units digit of v?
4
Suppose -7 - 3 = -5*d. Suppose 3*o = d*o + 9. What is the units digit of o?
9
Let n(r) = 6*r**2 - 3*r - 3. What is the units digit of n(3)?
2
Let f = 21 - 17. Suppose f*q - 150 = -q. What is the units digit of q?
0
Suppose 4*x - 174 = 242. Suppose 31 + x = -5*d. What is the units digit of (2/6)/((-3)/d)?
3
Let d(i) = i**3 - 3*i + 1. Let r be d(2). Let w(x) = -4*x + 3 - r*x - x**2 + 4*x. What is the units digit of w(-3)?
3
Let f(i) = -67*i + 3. What is the tens digit of f(-2)?
3
What is the tens digit of -4 - (-1 + 3 - 117)?
1
Suppose -5 = 4*o + 7. Let f = o - -19. What is the tens digit of f?
1
Let j(l) = 3*l**3 + 4*l**2 - 6*l - 2. Let z(d) = 10*d**3 + 13*d**2 - 19*d - 7. Let s(w) = -7*j(w) + 2*z(w). What is the units digit of s(-4)?
6
Let i be 1*(-2 - -7 - 3). Suppose -i*c = -c. Suppose -14 = -4*p + 6, 3*y - 4*p - 37 = c. What is the tens digit of y?
1
Let p be 214/8 - 1/(-4). Let u = p + -14. What is the tens digit of u?
1
Suppose -12 = -2*c - 2*c. Suppose -3*p + 4*p = 4*b - 145, -4*b + c*p = -155. What is the tens digit of b?
3
Let w = 12 - 8. Suppose 4*x - 8 = -0*h - 4*h, -w*h - 3*x = -8. Suppose 0 = 4*s - h*o - o - 17, -3*s = -o - 14. What is the units digit of s?
5
Let y = 22 + 11. What is the tens digit of y?
3
What is the units digit of 27 + (-4 - -3 - 3)?
3
Let u = 1 - 4. Let d be u/12 - (-18)/8. Suppose 0 = d*q + 2 - 38. What is the tens digit of q?
1
Suppose 2*q = -3*c + 55, 9 = 4*q - 11. Suppose 6*z - z - c = 0. What is the units digit of z?
3
Suppose -2*z + 6*z - t = 11, -5*z - 2*t = -30. Suppose -3*s + 7*s - 3*r + 25 = 0, -5*r - 1 = z*s. Let b(w) = -2*w + 5. What is the units digit of b(s)?
3
What is the units digit of ((-406)/(-10))/((-3)/(-15))?
3
Let w be 4/(-6) + 33/9. Suppose 0 = 7*p - w*p - 96. What is the units digit of p?
4
Let s = -10 + 17. Let v = s - 4. Let r(q) = q**3 - 2*q**2 - 3*q + 2. What is the units digit of r(v)?
2
Let c(h) = h**3 - 14*h**2 - 10*h - 22. Suppose n - 15 = -0. What is the tens digit of c(n)?
5
Let w(h) = -h**2 - 5*h + 8. Let x be w(-6). Suppose x*a + 12 = -4*g, -1 = 5*g + a + 20. Let v = 1 - g. What is the units digit of v?
6
Suppose 0 = -k - 3*k - 2*p - 20, -3*p = -2*k - 2. Let i be ((-1)/k)/((-2)/(-16)). Suppose 3*s = -i*w + 13, 2*s = s - 2*w + 7. What is the units digit of s?
3
Let d(h) = -h**3 - 7*h**2 - 2*h - 10. Let s = -32 + 67. Suppose b = 3*o + 3*b + 21, s = -5*o + 3*b. What is the units digit of d(o)?
4
Let p(g) = 35*g - 34. What is the hundreds digit of p(9)?
2
Suppose 6*d - 320 = 2*d. Suppose -3*t - 2*t = -d. What is the tens digit of t?
1
What is the units digit of (-793)/26*(-2)/1?
1
Let x(l) = -369*l**3 - l - 2. What is the hundreds digit of x(-1)?
3
Suppose -o - 4*o = 75. Let t be 2/5 + (-114)/o. Let p = 13 - t. What is the units digit of p?
5
What is the hundreds digit of (-6)/(-2) - 5404/(-28)?
1
Suppose 0 = 3*r + 5*n - 71, 5*n = 3*r - r - 14. What is the units digit of r?
7
Suppose 5*w + 3 = -4*y, 4*y - 3*w - 12 = 9. Suppose y*h - 17 = 4. What is the units digit of h?
7
Let u(p) = -18*p - 5. What is the tens digit of u(-2)?
3
Let f(r) = -r**2 - 11*r + 5. What is the tens digit of f(-7)?
3
Suppose -2*r + 4 = 3*c, 7*r - 5*c = 2*r + 10. Suppose -u - a = -r*u + 7, -3*u = 4*a - 7. What is the units digit of u?
5
Let y(d) = d**3 + 30*d**2 + 23*d - 68. What is the units digit of y(-29)?
6
Suppose -17*o = -18*o + 150. What is the units digit of o?
0
Let h(w) = 6*w**2 - w**3 - 10 - 4*w - 9*w**2 - 9*w**2 + 3*w. What is the units digit of h(-12)?
2
Let i(v) = -3 + 9*v**2 + 0*v**3 + 15 - v**3 - 9*v. What is the units digit of i(8)?
4
Suppose 3*m + 2*m - 170 = 0. What is the units digit of m?
4
Let l be (-8)/(-20) + (-58)/(-5). What is the units digit of l/(-2)*(-3)/6?
3
Suppose 0 = -2*l + 6*l + 44. Let d = -3 - l. What is the units digit of d?
8
Let r(h) = 3*h**3 - 2*h**2 + 3*h - 3. Let y be r(2). Let p = y - 5. What is the tens digit of p?
1
Suppose 14*t - 455 = 9*t. What is the units digit of t?
1
Suppose 2*k + 8 = s, 2*k + 20 = 6*s - 2*s. Let c be (1/k)/((-2)/(-8)). What is the units digit of (1/2)/(c/(-40))?
0
Let r = 24 + -19. Suppose r*x - 117 = 2*x. What is the tens digit of x?
3
Suppose 0 = 5*u + 14 - 34. Suppose u*p = 12, 4*k - 39 = -4*p + 53. What is the tens digit of k?
2
Let r = -9 - -19. Suppose o = r + 4. What is the units digit of o?
4
Let y(w) = 5*w. Let v be y(1). Suppose -126 - 234 = -v*d. What is the units digit of 4/10 + d/20?
4
Le